by 1471?
676
Calculate the remainder when 714118 is divided by 182.
132
What is the remainder when 39911843 is divided by 84?
83
What is the remainder when 191781 is divided by 21214?
855
What is the remainder when 95524345 is divided by 112?
105
What is the remainder when 28911 is divided by 53?
26
What is the remainder when 53007 is divided by 5247?
537
What is the remainder when 153131 is divided by 153127?
4
Calculate the remainder when 17371 is divided by 1392.
667
What is the remainder when 1310448 is divided by 28?
20
Calculate the remainder when 1317586 is divided by 2334.
1210
What is the remainder when 22580656 is divided by 4087?
4068
Calculate the remainder when 335675 is divided by 2468.
27
What is the remainder when 55470 is divided by 11034?
300
Calculate the remainder when 282631 is divided by 2259.
256
What is the remainder when 12415352 is divided by 95?
87
Calculate the remainder when 86083184 is divided by 42.
26
What is the remainder when 75277 is divided by 18816?
13
Calculate the remainder when 316006 is divided by 405.
106
Calculate the remainder when 228166418 is divided by 133.
130
What is the remainder when 414793 is divided by 15951?
67
What is the remainder when 164720 is divided by 1501?
1111
What is the remainder when 22429028 is divided by 71430?
8
What is the remainder when 2149581 is divided by 2770?
61
Calculate the remainder when 12691943 is divided by 9.
8
Calculate the remainder when 2243848 is divided by 2243837.
11
Calculate the remainder when 1410835 is divided by 766.
629
What is the remainder when 189519 is divided by 2836?
2343
Calculate the remainder when 10347535 is divided by 248.
231
What is the remainder when 60725 is divided by 428?
377
Calculate the remainder when 159610375 is divided by 1218.
1
What is the remainder when 13918276 is divided by 79?
56
Calculate the remainder when 653522388 is divided by 10425.
10413
What is the remainder when 15899458 is divided by 12?
10
Calculate the remainder when 37531 is divided by 1142.
987
Calculate the remainder when 113799 is divided by 426.
57
Calculate the remainder when 5393629 is divided by 898937.
7
What is the remainder when 2367662 is divided by 63?
59
What is the remainder when 127951 is divided by 1396?
915
Calculate the remainder when 29172143 is divided by 3191.
21
What is the remainder when 236119 is divided by 95?
44
Calculate the remainder when 3534137 is divided by 232.
81
What is the remainder when 524412 is divided by 136?
132
Calculate the remainder when 749150 is divided by 4741.
72
What is the remainder when 27168 is divided by 25966?
1202
Calculate the remainder when 1018566 is divided by 4609.
4586
Calculate the remainder when 2174566 is divided by 526.
82
What is the remainder when 121078 is divided by 6369?
67
What is the remainder when 140680 is divided by 387?
199
Calculate the remainder when 108567 is divided by 3882.
3753
What is the remainder when 7839870 is divided by 1472?
1470
What is the remainder when 14184 is divided by 982?
436
What is the remainder when 23930 is divided by 5977?
22
Calculate the remainder when 12599 is divided by 12055.
544
What is the remainder when 874183 is divided by 1128?
1111
What is the remainder when 31339039 is divided by 895401?
4
Calculate the remainder when 1543562 is divided by 724.
718
Calculate the remainder when 16609590 is divided by 63883.
10
Calculate the remainder when 832128 is divided by 208031.
4
Calculate the remainder when 884034 is divided by 846.
810
Calculate the remainder when 42790 is divided by 14054.
628
What is the remainder when 23661134 is divided by 2224?
2222
Calculate the remainder when 454837 is divided by 3821.
138
Calculate the remainder when 96328477 is divided by 447.
424
What is the remainder when 2033468 is divided by 112969?
26
What is the remainder when 37625 is divided by 2055?
635
Calculate the remainder when 27577099 is divided by 71.
60
Calculate the remainder when 852522 is divided by 65577.
21
What is the remainder when 100707 is divided by 14384?
19
Calculate the remainder when 3224858 is divided by 28.
14
What is the remainder when 1696676 is divided by 281?
279
Calculate the remainder when 142402963 is divided by 89.
26
Calculate the remainder when 133023 is divided by 128665.
4358
What is the remainder when 179857429 is divided by 124555?
9
What is the remainder when 1490374 is divided by 2073?
1960
What is the remainder when 389037 is divided by 3438?
543
What is the remainder when 23682 is divided by 3547?
2400
Calculate the remainder when 2164003 is divided by 338.
127
Calculate the remainder when 1337062 is divided by 8147.
954
What is the remainder when 31759 is divided by 1511?
28
What is the remainder when 1008382 is divided by 201661?
77
Calculate the remainder when 1403784 is divided by 10967.
8
Calculate the remainder when 1398480 is divided by 29135.
0
What is the remainder when 109564 is divided by 2975?
2464
What is the remainder when 68164 is divided by 561?
283
Calculate the remainder when 414424 is divided by 4554.
10
What is the remainder when 285116 is divided by 96?
92
What is the remainder when 56881 is divided by 881?
497
Calculate the remainder when 953533 is divided by 490.
483
What is the remainder when 2939274 is divided by 1405?
14
What is the remainder when 9903943 is divided by 1100432?
55
What is the remainder when 16356300 is divided by 1432?
1428
What is the remainder when 3131082 is divided by 2064?
2058
What is the remainder when 414706 is divided by 59241?
19
What is the remainder when 18410755 is divided by 654?
1
Calculate the remainder when 48024045 is divided by 102.
99
What is the remainder when 1469266 is divided by 494?
110
What is the remainder when 11626575 is divided by 2538?
2535
What is the remainder when 2371946 is divided by 4257?
797
What is the remainder when 8188551 is divided by 130?
111
What is the remainder when 179821 is divided by 34218?
8731
What is the remainder when 3222347 is divided by 57?
23
Calculate the remainder when 1387078 is divided by 249.
148
What is the remainder when 4214493 is divided by 6679?
44
Calculate the remainder when 62129310 is divided by 19.
13
Calculate the remainder when 2835577 is divided by 5177.
3758
What is the remainder when 709279 is divided by 249?
127
What is the remainder when 236500513 is divided by 18192347?
2
What is the remainder when 2771410 is divided by 1527?
1432
Calculate the remainder when 3804807 is divided by 50063.
19
What is the remainder when 1399028 is divided by 699506?
16
Calculate the remainder when 2959697 is divided by 986565.
2
Calculate the remainder when 1345910 is divided by 448454.
548
What is the remainder when 2398218 is divided by 20?
18
What is the remainder when 40933241 is divided by 8034?
11
Calculate the remainder when 209222 is divided by 410.
122
Calculate the remainder when 9265441 is divided by 3527.
12
Calculate the remainder when 3429007 is divided by 428617.
71
What is the remainder when 137766 is divided by 656?
6
What is the remainder when 324502 is divided by 324449?
53
What is the remainder when 15976573 is divided by 40447?
8
Calculate the remainder when 838336 is divided by 303.
238
Calculate the remainder when 5715865 is divided by 11.
1
Calculate the remainder when 165615064 is divided by 1771.
1770
Calculate the remainder when 2189194 is divided by 4301.
4286
Calculate the remainder when 637121 is divided by 317680.
1761
What is the remainder when 48244 is divided by 1625?
1119
What is the remainder when 113409 is divided by 1457?
1220
What is the remainder when 231158 is divided by 33018?
32
What is the remainder when 2128803 is divided by 5725?
4828
Calculate the remainder when 243668 is divided by 14920.
4948
Calculate the remainder when 787011 is divided by 5662.
5655
Calculate the remainder when 4232100 is divided by 618.
36
Calculate the remainder when 14447066 is divided by 1313368.
18
Calculate the remainder when 10883523 is divided by 1253.
1218
Calculate the remainder when 84384087 is divided by 3.
0
What is the remainder when 159742 is divided by 4319?
4258
Calculate the remainder when 26931071 is divided by 61.
59
What is the remainder when 222019 is divided by 547?
484
Calculate the 